5*m - 1. What is the units digit of w(u)?
4
What is the units digit of 1/(-2)*44/(-1)?
2
Let y be 2 + (2 - 4) - -2. Let c be 6 - (2 - 1)*y. Suppose -c*m + 6 = -m. What is the units digit of m?
2
Let v(t) = 5*t**2 + 47*t + 16. What is the hundreds digit of v(-12)?
1
Suppose -4*g + 7*g - 2*o = 22, -3*o = -3. Let z be (-4)/6*(-12)/g. What is the tens digit of (3 - z)*34/4?
1
Let i(k) = -7*k**2 - 11*k - 13. Let n(j) = -3*j**2 - 6*j - 7. Let m(x) = 2*i(x) - 5*n(x). Let s be m(-7). Suppose s = 6*u - 4*u. What is the units digit of u?
1
Suppose 19 = 3*s + 2*c + 7, s = -2*c + 8. What is the units digit of s + (0 - -2 - -3)?
7
Let j(v) = -5*v - 17. What is the units digit of j(-9)?
8
Let w(y) = -y**3 + y**2 - 2*y - 2. Let r be w(-2). Let f = 27 - r. What is the tens digit of f?
1
Let u = -2 - -119. What is the units digit of u?
7
Let w(n) = n - 4. Let l be w(13). Suppose a = 4*a - l. What is the units digit of a?
3
Suppose f = -f. Suppose -5*k + 80 = 4*j - f*k, -k = -4*j + 56. Let n = j - 10. What is the units digit of n?
5
Suppose 4*m - 4*g = 56, 22 = 4*m - 5*g - 31. What is the tens digit of m?
1
Let u(n) = -3*n - 1. What is the units digit of u(-8)?
3
Let j be (-3)/1 - (-1 - 3). Let i be 0 + (-1 - 0) + 3. What is the units digit of 9*(3 - j)/i?
9
Suppose h - 4*h + 9 = 0. What is the tens digit of h + -2 + -3 + 17?
1
Let q be (-22)/(3 + (-46)/14). Suppose -3*d - q = -5*c, -2*c + d + 28 = -3*d. What is the units digit of c?
6
Let g(f) = -f**2 + 1. Let u(c) = -7*c**2 + 5*c + 6. Let a(h) = 6*g(h) - u(h). Suppose 2*s + 2*v = 3*s - 14, 26 = 5*s + v. What is the units digit of a(s)?
6
Suppose 2*x - 146 = -28. Let t = -35 + x. What is the units digit of t?
4
Suppose -4*u + 3*u = -3. Suppose 0 = 2*l - 4*b - 36, -b = 1 + u. Let f = -9 + l. What is the units digit of f?
1
Let u = 5 - 5. Let t(c) = -3 - 3 + 5 + 4*c**2 + u + c. What is the units digit of t(1)?
4
What is the tens digit of ((-6)/(-18))/((-1)/(-132))?
4
Let n(s) = -s**3 + 2*s**2 - 1. Let z be n(2). What is the tens digit of z + 3 + (12 - -1)?
1
Suppose 5 + 7 = 4*y. Suppose -y*l + 22 = -3*a - 2, l + 4*a = 18. Suppose f - l = -0*f. What is the units digit of f?
0
Suppose o - 5 - 5 = 0. What is the units digit of o?
0
Let b(h) = -h**3 - 7*h**2 - 3*h - 2. What is the tens digit of b(-7)?
1
Let r(i) = i**2 + 11 - i - 7 - i**3 + 0*i**2. Let f be r(0). Suppose 2*d - 10 = -c + d, 0 = f*c - 5*d - 22. What is the units digit of c?
8
Suppose -5*n = -n + 528. What is the units digit of n/(-21) + 4/(-14)?
6
Let i = -26 - -32. Let t be (3*2)/((-1)/(-1)). Suppose 10 = 5*j, -2*d - j + i*j + t = 0. What is the units digit of d?
8
Let p(o) = 3*o**3 - 3*o**2 + 9*o + 2. What is the tens digit of p(4)?
8
What is the tens digit of (-1821)/(-21) - (4 + (-30)/7)?
8
Suppose 3*f - 25 = -5*z, -10 = 4*f - 0*z - 2*z. Let n = 0 - 0. What is the units digit of n + f - 4/(-2)?
2
Suppose 6*o - 1648 + 232 = 0. What is the tens digit of o?
3
Let b(m) = -m**2 - 4*m + 1. Let l be b(-4). Suppose c = -2*c + 9. Suppose r = c - l. What is the units digit of r?
2
Let u(z) = -2*z - 6. Let o(n) = -4 + n**2 - 6*n - 2 + n. Let m be o(5). What is the units digit of u(m)?
6
Let v be (-5)/(-10) + 6/4. Suppose m = p, p = 4*m - v*p. Suppose n - 3*b - 19 = m, -3 = 4*b + 17. What is the units digit of n?
4
Let z(h) = 6*h + 17. What is the units digit of z(5)?
7
Let x = 68 + -38. What is the units digit of x?
0
Let s = 40 - -5. Suppose 6*x = 3*x + s. What is the tens digit of x?
1
Let j(y) = -y**2 - 2*y + 5. Let b be j(-4). What is the units digit of 39 + (0 - (b - 0))?
2
Suppose 2*r - 3*x = -43, -r + 0 + 6 = 4*x. Let a = r - -34. What is the units digit of a?
0
Let z(x) = -3*x. Let s(h) = 5*h - 1. Let b(d) = -4*s(d) - 7*z(d). What is the units digit of b(0)?
4
Let d = -43 + 160. What is the units digit of d?
7
Let h = 23 + 20. What is the tens digit of h?
4
Suppose 2*x = 5*n - 157, -2*n - 3*x + 0*x + 59 = 0. What is the units digit of n?
1
Let a = 195 + -109. What is the units digit of a?
6
Suppose 0*f + 4*f = -w + 980, 0 = 3*f - 2*w - 746. What is the hundreds digit of f?
2
Let y(x) be the third derivative of x**5/60 + x**4/6 + 5*x**3/6 + 2*x**2. Let c be (-4 + 1)/((-6)/(-8)). What is the units digit of y(c)?
5
Let z = -50 - -265. What is the hundreds digit of z?
2
Let i be ((-12)/(-10))/(6/20). Suppose -60 = -6*y + 2*y + i*j, -5*y + j + 63 = 0. What is the tens digit of y?
1
Let b(z) be the third derivative of z**5/60 + z**4/6 - 2*z**3/3 - 3*z**2. What is the units digit of b(-5)?
1
Suppose 150 + 61 = 5*s - 3*m, s - 47 = 3*m. What is the tens digit of s?
4
Let b = -1 - -5. Suppose -7*i + 2*i = -b*g - 86, 3*i = g + 53. What is the tens digit of i?
1
Suppose -2*c + 6 = 2. Suppose -h + c*r = -r, 3*h + r - 10 = 0. What is the units digit of (-10)/(-15) - (-4)/h?
2
Suppose -5*s + 5 = -0. What is the units digit of (12/2)/(2*s)?
3
Let b(o) = -o**3 - 10*o**2 - 4*o - 9. What is the units digit of b(-10)?
1
Suppose 3*c = 2*k + 233 - 1, 5*k - 395 = -5*c. What is the units digit of c?
8
Let i(l) = -l**2 + 8*l + 14. What is the tens digit of i(7)?
2
Let b = -11 - -16. Suppose 5*g = 3 + 2. Let z = g + b. What is the units digit of z?
6
Let a = 13 + -8. Suppose l - 17 = -g - 2*g, 5*g = a*l + 15. What is the units digit of (l/4)/(1/2)?
1
Suppose -2*u - r = 4*r - 65, -4*u + r + 141 = 0. What is the tens digit of u?
3
Suppose l + 2*g - 28 = 7*g, 3*g = 3*l - 144. What is the units digit of l?
3
Let j = 137 + -56. What is the tens digit of j?
8
Suppose -18 = -2*l + 4*x, -5*x = -4*l - x + 20. What is the units digit of l?
1
Suppose 2*b + u = 3*b - 27, 3*u = 2*b - 57. Suppose -8 - b = -2*c. What is the units digit of c?
6
Let q(s) = 1 + 0 - 7*s + 4 - 4. Let j be q(1). What is the units digit of -3*(0 + 20/j)?
0
Suppose -3*g = -7*g + 4*v + 280, 248 = 4*g + 4*v. What is the tens digit of g?
6
Suppose -5*i + 2 + 8 = 0, 0 = -3*z - 5*i + 16. Suppose -2*r - 31 = -5*u, -3*u - 5*r - 10 = -z*u. What is the units digit of u?
5
Suppose 6*u - 4*u - 22 = s, 0 = 3*u + 2*s - 47. What is the tens digit of u?
1
Suppose 0 = 3*q - 8*q + 25. Suppose -q*l + 8 = -x - 1, l - 3 = -x. What is the units digit of x?
1
Let h = 0 - -6. What is the tens digit of (-4)/h*(-102)/4?
1
Let q(s) = s**2 + 2*s + 2. What is the units digit of q(-2)?
2
Let u(r) = 6*r**2 - 17*r - 5*r**2 - 6 + 12*r. Let m be u(9). Let f = -19 + m. What is the tens digit of f?
1
Let a be (0 + -4)/2 - -7. Suppose -3*p + m = -m - 10, -5*p = a*m + 25. Suppose -i + 2*s - 3 = -3*s, p = 4*s - 12. What is the tens digit of i?
1
Let u(f) = -f**3 - 3*f**2 + 18*f + 8. What is the hundreds digit of u(-8)?
1
Suppose 0 = v - 2. Suppose 4*l + 4 = 3*u, 4*l + l = 2*u + v. What is the units digit of u?
4
Let m be 2/(-3)*(-13 + 1). Suppose w = -w + m. Suppose w*n - 64 = -0*n. What is the units digit of n?
6
Let z = 8 - 5. Suppose 4*h + 3*b + 21 = 5*h, z*h = 2*b + 42. What is the units digit of h?
2
Let o be (1 - -1)/((-1)/(-1)). Let z be (0 - -1)/(o/(-6)). What is the units digit of 10*z/(-6)*1?
5
Suppose -4 = -4*p + 44. Let x = 19 - p. What is the units digit of x?
7
Let l = 175 + -174. What is the units digit of l?
1
Let v(n) = -6*n + 3. Let c be v(-3). Let j = c + -14. What is the units digit of j?
7
Let q(t) = -t**2 + 9*t - 5. Let v be q(4). Let o = -10 + v. What is the units digit of o?
5
Let p be (3/(-6))/((-1)/(-20)). Let g = -2 - p. Suppose c - g = -0*c. What is the units digit of c?
8
Let b be -2*(-4 + 5)*-2. Let i(v) = v**3 - 2*v**2 + 3*v + 4. What is the units digit of i(b)?
8
Let t(i) = -7*i**2 - 5*i**2 - 3 - i**3 + 5*i**2 - i. What is the units digit of t(-7)?
4
Let x = 9 + -4. Suppose -x*p + 6 = -4*w, -1 = 4*p - 9. What is the units digit of w?
1
Suppose 5*s - 7*s = -204. What is the hundreds digit of s?
1
Suppose 3*r - 5*r + 30 = 0. What is the units digit of r?
5
Let n = 13 - 8. What is the units digit of n?
5
Suppose -2*a = 1 - 29. What is the units digit of a?
4
Let z(m) = -121*m - 3. What is the units digit of z(-2)?
9
Let c(y) = y + 1. Let b be c(2). Let m(a) = -a + 5. Let z be m(b). What is the units digit of z/9 + (-133)/(-9)?
5
Let l(a) = -3*a. Let d be l(-3). What is the units digit of d/(-21) + (-38)/(-7)?
5
Let g be (-1 - (2 - 6))*1. Suppose -2*b + 3 = 5*v - 22, 2 = 4*v - 2*b. Suppose -4*d + 23 = -0*p + v*p, p - 11